 Let h(g) = -g**3 - 6*g**2 - 5*g + 2. Let v be h(s). Suppose -v*a + 21 = -11. Calculate the highest common factor of a and 80.
16
Let w = -177 + 325. Let h = w + -52. What is the highest common factor of h and 16?
16
Let n = -26 - -71. Calculate the highest common factor of 5 and n.
5
Let s be (9 - 0) + (-1 - -2). Suppose -4*f + o + 350 = -o, f - 85 = o. Calculate the highest common divisor of f and s.
10
Let r = 57 + -27. Calculate the greatest common factor of 6 and r.
6
Let c be ((-364)/(-65))/(4/30). Let q be c/(-6)*(-48)/7. Let a(v) = 3*v. Let z be a(4). What is the highest common divisor of z and q?
12
Suppose u - 3*u + 14 = -4*f, 5*f = -2*u - 4. Let c be (-5)/((-50)/16 + u). What is the greatest common factor of 5 and c?
5
Let v be ((-99)/(-15))/(3/15). What is the highest common factor of v and 11?
11
Suppose 4*a = 5*a - 2. Let s be ((-38)/a)/(5/(-5)). What is the greatest common factor of 19 and s?
19
Let h(j) = j**3 + 7*j**2 - 6*j - 2. Let n be h(-7). Suppose 2*p = 4*p + 2*s - 4, -4*p + 4*s = -24. What is the greatest common divisor of n and p?
4
Suppose 2*r = 4*i - 10, 5*i - 3*r + 2*r - 17 = 0. Let f be 10 + i/(0 - 2). Let t(a) = 2*a + 4. Let b be t(2). What is the highest common factor of f and b?
8
Let r be ((-4)/(-10))/((-13)/(-65)). Suppose -p = -r*p - 3*d - 4, -5*p = 2*d - 32. What is the greatest common factor of 12 and p?
4
Let z = 2 - -8. Let f = 11 + -6. Suppose 2*q = -3*m - 0*q + 15, f*m = 2*q + 25. What is the greatest common factor of z and m?
5
Suppose 0*k - 3*k = 4*o + 5, 4*k - 4 = 0. Let r be o/(-6) + 96/9. Calculate the highest common factor of r and 77.
11
Suppose -4*n - 15 = -183. What is the highest common factor of 14 and n?
14
Let s(r) = -3*r**3 + 0*r**3 + r**3 + r. Let h be s(1). Let f = 2 + h. Calculate the highest common divisor of f and 1.
1
Let c(l) = -2*l - 5. Let h be c(-12). Calculate the greatest common divisor of 209 and h.
19
Suppose -3*j - 5*x = -70 + 18, -3*x = 4*j - 62. Calculate the highest common divisor of 154 and j.
14
Let y(t) = 3*t + 80. Let z be y(-24). Calculate the greatest common factor of z and 2.
2
Suppose -5*j = -q + 52, 3*q + j = -0*j + 220. What is the highest common factor of 180 and q?
36
Let q be -19 - 1/(1/(-2)). Suppose 125 = -5*w + 3*a, 0*w - 5*a - 50 = 2*w. Let i = q - w. What is the highest common factor of 8 and i?
8
Let l = 302 + -95. What is the greatest common divisor of l and 23?
23
Let p = 106 + -103. What is the highest common divisor of 1 and p?
1
Let l = -24 - -44. Suppose -r + l = r. Calculate the greatest common factor of r and 25.
5
Let w = -35 + 50. Let m(v) = -v**2 - 9*v + 15. Let u be m(-9). Calculate the greatest common divisor of u and w.
15
Let g = 2 + 2. Suppose 0 = -u + 1 + 1. Calculate the highest common factor of u and g.
2
Let p be 1*2 + -1 + -2. Let s = 1 - p. Suppose 0 = -5*i - 4*f + 81, -s*i + 5*i + 2*f = 47. Calculate the greatest common factor of i and 39.
13
Let k = 5 - -207. Suppose 544 = 3*y - k. Suppose 0*p = 4*p - y. Calculate the greatest common divisor of 9 and p.
9
Let n be (45/(-20))/((-2)/24). What is the greatest common divisor of n and 27?
27
Let y = -40 + 57. Let o = 37 - y. What is the highest common divisor of o and 20?
20
Let u(a) = 5*a**2 - 2*a - 1. Let k be u(-7). Let h(f) = -7*f**2 - f - 2. Let s be h(5). Let o = k + s. What is the greatest common factor of 19 and o?
19
Suppose 3*v = 5*c + 5 + 29, -v = 3*c + 12. Let x = 6 + -11. Let m = 11 + x. Calculate the highest common factor of v and m.
3
Let c = -44 + 86. Let h be 2/(-8) - (-395)/(-20). Let v = -6 - h. What is the highest common factor of c and v?
14
Let n(j) = -j - 9. Let t be n(-13). Calculate the greatest common divisor of t and 10.
2
Let l(h) = 20*h**3 + h**2 - 3*h + 2. Let i be l(1). Suppose 3*p = -2*p, p = 5*g - 150. What is the highest common divisor of i and g?
10
Suppose -5*t = 2*q - 1 - 39, -q = 5*t - 35. What is the greatest common factor of 10 and t?
2
Let r(x) be the third derivative of x**4/12 - 11*x**3/3 + 3*x**2. Let c be r(15). What is the greatest common factor of c and 24?
8
Let x = -31 - -46. Calculate the greatest common factor of x and 6.
3
Let p(y) = -y**3 + 10*y**2 + 10*y - 2. Let g be p(10). What is the highest common factor of 14 and g?
14
Suppose -2*i + i + 96 = p, 4*p = -12. Calculate the greatest common factor of 22 and i.
11
Suppose 31 = 5*s - 139. What is the greatest common factor of s and 51?
17
Suppose 103 = 5*v + 43. Calculate the greatest common divisor of 4 and v.
4
Let r = 1 + 1. Let n(d) = 11 + 5*d**2 - 13*d - r - 2*d**2. Let k be n(9). What is the greatest common divisor of k and 15?
15
Let o = -21 - -22. What is the highest common factor of 7 and o?
1
Let a be 143*1*(2 + -1). Let g be ((-4)/5)/(4/30). Let u be ((-26)/(-3))/((-4)/g). What is the greatest common divisor of u and a?
13
Let q(i) = 2*i. Let k be q(1). Suppose b - k = 0, -76 = -3*d - 2*d - 3*b. Calculate the highest common factor of 112 and d.
14
Let w be (-4 - -6)/((-4)/34). Let b = 56 + w. Calculate the highest common factor of b and 13.
13
Let n(q) = -2*q - 11. Let g be n(-8). Suppose -2*p + 15 + 75 = 0. What is the greatest common factor of g and p?
5
Let j be (33 - 15) + (-1 - -1). Calculate the highest common divisor of j and 198.
18
Suppose -5*w = -2*t - 2*w - 382, -5*t + 4*w = 962. Let g = -5 - t. Calculate the greatest common divisor of g and 27.
27
Suppose k + 2*o = 4*o - 4, 3*k - 16 = -o. Calculate the highest common divisor of 32 and k.
4
Let t = 3 + 0. Suppose -t*g + 0*g + 30 = 0. Suppose -2*u + 2 = -g. Calculate the greatest common factor of u and 12.
6
Let v be (-12)/78 + 10/52*6. Calculate the greatest common factor of v and 1.
1
Suppose -n + 80 = 3*s, -s - 3*n = 2*n - 36. What is the highest common divisor of s and 182?
26
Suppose -4 = -g - g. Suppose -2*p + 6 = g. Calculate the highest common factor of 8 and p.
2
Suppose -3*r + 22 = -20. Calculate the greatest common factor of 112 and r.
14
Let f(x) = x**3 + 8*x**2 - 4*x + 2. Let q be f(-6). Let c(a) = 8*a**2 + 2*a + 1. Let z be c(-1). Let d = 21 - z. What is the highest common factor of d and q?
14
Let x = -6 - -9. Suppose x*v - 7 = 2. What is the greatest common divisor of 21 and v?
3
Let y be (-6)/4*(-1920)/36. What is the greatest common factor of y and 10?
10
Let m = -4 + 5. Let o be (-2)/(-9) - 58/18. Let g = o - -6. What is the greatest common divisor of g and m?
1
Let v be ((3 - 0) + -1 + -1)*31. What is the highest common divisor of 93 and v?
31
Let d = 4 + -1. Suppose 14 = d*i - 4. Let s be 51/(i/2)*1. Calculate the greatest common divisor of 85 and s.
17
Suppose 13*w - 160 = 9*w. Suppose -4*l = 5*q - 69, -3*l + 4 = -4*q - w. Calculate the highest common divisor of l and 16.
16
Let l(f) = 38*f - 1. Let z be l(2). Suppose -g = -0*g - 2*q - 60, -15 = 3*q. Calculate the greatest common divisor of z and g.
25
Suppose z - 2 = 0, 0 = u - 5*z + 4 + 2. Calculate the greatest common divisor of 4 and u.
4
Suppose -5*d + 19 = 5*b - 86, 3*d = -2*b + 39. What is the highest common factor of b and 60?
12
Suppose -487 = -6*c - 67. What is the highest common factor of c and 175?
35
Suppose 0 = -12*u + 3*u + 243. What is the greatest common factor of 81 and u?
27
Let m = 27 - -1. Calculate the highest common factor of 42 and m.
14
Suppose 3*z = -c - 7, 5*c - z = 2*z + 1. Let y = -2 + c. Let v = y + 4. What is the greatest common factor of 3 and v?
1
Let y = 31 + 14. Suppose -2*j - l + 37 = 0, 4 = l + 3*l. What is the highest common divisor of j and y?
9
Let v(w) = -w. Let d be v(-3). Let k be (-2 - -3)/(d/234). Suppose -3*m - 2*m = -4*x + 74, k = 5*x + m. Calculate the highest common divisor of 176 and x.
16
Let c(y) = y**3 + 5*y**2 + y - 4. Let o be c(-4). Suppose -32 = 4*i - 116. Suppose i = w + 9. Calculate the highest common divisor of o and w.
4
Let r be (7 - 1)/(60/80). Let t = -181 + 261. What is the highest common factor of t and r?
8
Suppose 0 = 2*g + 2*r - 14, 2*g - 11 = 3*r + 13. Suppose -4*q + 242 = -5*f, -4*q - f = -202 - 52. What is the greatest common divisor of g and q?
9
Let m = 122 + -74. Calculate the greatest common divisor of m and 12.
12
Suppose 37 + 33 = 2*y - 4*h, 3*y = 2*h + 105. Let f(g) = 7*g**2 - g - 1. Let n = -4 - -3. Let s be f(n). What is the greatest common divisor of s and 